ve v(-16).
4
Let d(f) = -3*f**2 - 146*f - 101. Determine d(-48).
-5
Let p(z) = 45*z + 133. Calculate p(-3).
-2
Let j(z) = 6*z + 32. Determine j(-6).
-4
Let j(h) = h**3 + 9*h**2 - 21*h + 34. Give j(-11).
23
Let v(a) = -7*a + 8. Give v(5).
-27
Let l(f) = f**2 - 10*f - 27. Give l(12).
-3
Let h(g) = g**3 + g**2 - 7*g - 15. What is h(-2)?
-5
Let s(y) = -3*y**2 + 14*y + 11. Determine s(6).
-13
Let c(g) = g**2 - g + 22. Calculate c(0).
22
Let c(n) = 329*n - 1321. Calculate c(4).
-5
Let q(k) = -2*k**2 + 27*k - 9. What is q(13)?
4
Let s(d) = -d - 1. What is s(-11)?
10
Let l(y) = y**3 + 9*y**2 + 9*y + 14. Calculate l(-7).
49
Let s(c) = 61*c + 175. Determine s(-3).
-8
Let r(s) = 7*s**2 - 92*s + 7. Determine r(13).
-6
Let g(w) = -w**3 + w**2 - w + 5. What is g(3)?
-16
Let s(m) = -2*m + 38. What is s(17)?
4
Let q(z) = z**2 - 2*z - 7. What is q(8)?
41
Let z(c) = 2*c**3 + c**2 + 5*c + 3. Determine z(-3).
-57
Let n(t) = 2*t**3 - 4*t**2 - t + 5. Give n(-3).
-82
Let l(u) = 3*u**3 + u. Calculate l(-2).
-26
Let u(s) = -9*s - 71. Calculate u(-9).
10
Let i(w) = -8*w**2 + 6*w - 2. Determine i(1).
-4
Let r(c) = -2*c - 6. What is r(-4)?
2
Let m(o) = 6*o - 17. Determine m(6).
19
Let l(a) = -a**2 + 10*a + 15. Give l(12).
-9
Let q(s) = s**2 - 2*s - 7. What is q(4)?
1
Let u(p) = -p**3 + 20*p**2 - 19*p - 28. Determine u(19).
-28
Let w(v) = 2*v**2 - 66*v - 383. What is w(38)?
-3
Let l(c) = -c**2 - 2*c + 47. Determine l(-8).
-1
Let h(u) = -u**3 + 16*u**2 - 17*u + 18. Determine h(15).
-12
Let h(k) = k**2 - 7*k - 21. Determine h(15).
99
Let i(x) = -2*x**2 - 5*x + 69. What is i(6)?
-33
Let j(o) = -o**3 - 4*o**2 + 2*o - 7. What is j(-5)?
8
Let b(j) = -j - 13. Give b(8).
-21
Let q(b) = -2*b**2 + 10*b + 4. Calculate q(6).
-8
Let v(n) = n**3 + 7*n**2 - 8*n - 28. Calculate v(-8).
-28
Let x(w) = -7*w + 17. Determine x(3).
-4
Let i(k) = -2*k + 14. What is i(8)?
-2
Let s(l) = 29*l - 177. Give s(6).
-3
Let o(f) = -f**3 - 3*f**2 + f + 3. Determine o(-4).
15
Let l(t) = t**2 + 15*t + 16. Give l(-14).
2
Let o(x) = -6*x**3 - 4*x**2 + 5. What is o(-2)?
37
Let m(z) = -13*z + 271. Calculate m(22).
-15
Let c(r) = r + 9. Calculate c(1).
10
Let i(n) = -2*n - 37. What is i(-18)?
-1
Let h(w) = w**3 + 8*w**2 - 3. Give h(-8).
-3
Let r(o) = -o**2 - 6*o + 1. Calculate r(-7).
-6
Let k(b) = -8*b**2 - b - 5. Determine k(3).
-80
Let c(n) = -4*n**2 - 3*n + 11. Calculate c(0).
11
Let w(b) = 2*b**2 - 10*b + 4. Calculate w(5).
4
Let c(z) = -3*z - 1. What is c(5)?
-16
Let n(v) = -v**2 + 10*v + 6. Calculate n(11).
-5
Let a(i) = -13*i - 162. Give a(-12).
-6
Let w(t) = -3*t - 70. Give w(-19).
-13
Let f(c) = -8*c + 51. Give f(5).
11
Let j(w) = -8*w + 2. Determine j(-1).
10
Let f(d) = -15*d - 55. Calculate f(-2).
-25
Let s(h) = -h**2 - 6*h - 4. Calculate s(-4).
4
Let t(u) = u**2 + 38*u - 1. Give t(-38).
-1
Let c(h) = -2*h**3 + 19*h**2 - 7*h - 17. What is c(9)?
1
Let c(v) = 18*v. Calculate c(-1).
-18
Let f(q) = q**3 - 2*q**2 - 6*q. Calculate f(4).
8
Let c(t) = -t**3 - 4*t**2 + 6*t + 15. Give c(-5).
10
Let q(z) = 34*z**3 + z**2 - z + 1. Give q(1).
35
Let p(x) = -x**2 - 12*x + 6. What is p(-9)?
33
Let c(d) = 13*d + 5. Calculate c(-6).
-73
Let j(v) = v**3 - 10*v**2 + 15*v + 14. Determine j(8).
6
Let u(m) = -11*m. Calculate u(3).
-33
Let c(x) = -2*x + 49. Calculate c(21).
7
Let n(f) = -f**3 - 39*f**2 - 171*f - 19. Determine n(-34).
15
Let z(m) = m**3 - 4*m**2 - 8*m - 4. What is z(6)?
20
Let o(y) = -16*y - 82. What is o(-5)?
-2
Let w(i) = 4*i**2 + 39*i - 60. Calculate w(-11).
-5
Let s(a) = 34*a**2 - 1. What is s(1)?
33
Let z(x) = -8*x + 48. What is z(5)?
8
Let k(i) = 4*i**3 - 55*i**2 - 13*i - 17. Calculate k(14).
-3
Let y(q) = -q**3 + 9*q**2 + 3*q + 3. Give y(9).
30
Let h(w) = -6*w**2 + 2*w + 8. Determine h(-3).
-52
Let d(v) = -2*v**2 + 4*v + 8. Give d(8).
-88
Let j(p) = p**2 - p + 24. Determine j(-6).
66
Let z(s) = 51*s**2 - 2*s + 1. Determine z(1).
50
Let b(m) = -23*m**3 - m**2 - m. Determine b(-1).
23
Let x(y) = -2*y - 13. Give x(4).
-21
Let l(u) = 26*u + 8. What is l(2)?
60
Let v(r) = -16*r + 3. Give v(2).
-29
Let i(r) = r + 1. Determine i(-5).
-4
Let t(l) = -2*l - 4. Calculate t(-5).
6
Let d(y) = 4*y**2 - y - 2. Calculate d(-1).
3
Let q(f) = -8*f**2 - f + 3. Calculate q(2).
-31
Let z(h) = 3*h - 21. Calculate z(8).
3
Let h(g) = -g - 34. Give h(0).
-34
Let u(v) = v**3 - 7*v**2 - 7*v + 3. What is u(8)?
11
Let l(d) = 10*d + 8. Calculate l(-4).
-32
Let o(v) = -v**2 + 29*v - 196. Give o(10).
-6
Let n(p) = -p**3 - 34*p**2 + 2*p + 68. Give n(-34).
0
Let i(l) = l**3 - 4*l**2 - 14*l + 7. Determine i(6).
-5
Let s(t) = -2*t**2 + 9*t - 6. Determine s(6).
-24
Let f(u) = 3*u**3 - u**2 + 2*u - 4. What is f(3)?
74
Let h(v) = 2*v**2 - 12*v - 1. Give h(6).
-1
Let j(t) = 3*t - 126. Determine j(42).
0
Let y(u) = 5*u - 53. Calculate y(15).
22
Let z(h) = -4*h + 23. Calculate z(-9).
59
Let b(c) = -c**2 + 3*c + 17. What is b(8)?
-23
Let w(g) = -17*g**3 - 1. Give w(1).
-18
Let m(t) = t**2 + 10*t + 3. Give m(-9).
-6
Let k(f) = -f**3 - 10*f**2 - 5*f - 23. Give k(-10).
27
Let x(y) = y**3 - y**2 - 7*y + 3. What is x(3)?
0
Let o(u) = -2*u**2 + 43*u + 12. Calculate o(21).
33
Let y(w) = -2*w**2 + 2*w + 16. What is y(-4)?
-24
Let j(v) = -2*v**2 + 8*v + 20. Calculate j(5).
10
Let v(r) = r + 5. Give v(-11).
-6
Let l(w) = w**2 - 12*w - 33. Calculate l(14).
-5
Let d(w) = 2*w**3 + 2*w**2 - 2*w. Determine d(-2).
-4
Let o(d) = -10*d + 1. Calculate o(1).
-9
Let x(i) = 6*i - 5. Determine x(2).
7
Let t(f) = 4*f**2 + 5*f + 8. Calculate t(-3).
29
Let b(g) = g**3 - 60*g**2 - 59*g - 116. Calculate b(61).
6
Let r(d) = 3*d - 3. Calculate r(-3).
-12
Let u(a) = -4*a**2 - 15*a - 43. Calculate u(-7).
-134
Let r(x) = x**2 + 11*x - 18. What is r(-13)?
8
Let f(t) = t**2 + 3. Give f(-4).
19
Let o(s) = -26*s - 30. Give o(-6).
126
Let w(d) = -d**2 - 2*d + 8. What is w(-4)?
0
Let w(p) = p**2 + 21*p - 101. Give w(-25).
-1
Let l(g) = -g**3 - 4*g**2 + 16*g - 3. Determine l(2).
5
Let d(x) = -20*x + 166. What is d(8)?
6
Let n(x) = -x**2 + 5*x + 6. Give n(7).
-8
Let j(q) = -q**3 - 13*q**2 - 4*q - 21. Determine j(-13).
31
Let i(g) = -8*g**2 + 2*g + 2. Calculate i(3).
-64
Let v(l) = -l**3 + 8*l**2 - 17*l + 12. Give v(5).
2
Let x(d) = 3*d**2 - 55*d + 34. Determine x(18).
16
Let r(k) = -k**2 + 16*k - 70. Calculate r(11).
-15
Let x(d) = -d**3 + 13*d**2 - d + 28. Calculate x(13).
15
Let y(o) = o**3 - 6*o**2 + 4*o + 4. Give y(5).
-1
Let d(g) = g**2 + 24*g + 9. Give d(-24).
9
Let y(g) = -17*g - 231. Determine y(-13).
-10
Let s(z) = -18*z**2 - 36*z - 3. Calculate s(-2).
-3
Let m(h) = -9*h - 21. Determine m(2).
-39
Let d(a) = a**3 + 31*a**2 + 2*a + 72. Calculate d(-31).
10
Let o(r) = -2*r**2 + 11*r - 11. Calculate o(5).
-6
Let i(h) = 4*h + 19. Determine i(-9).
-17
Let r(k) = 9*k**2 + 4*k + 3. Calculate r(-2).
31
Let g(k) = 5*k - 9. What is g(-4)?
-29
Let j(l) = 4*l - 55. Determine j(13).
-3
Let b(y) = -y**3 - 4*y**2 + 5*y - 47. Give b(-6).
-5
Let l(v) = v**2 + 18*v + 48. Determine l(-15).
3
Let c(a) = -26*a + 153. What is c(5)?
23
Let n(z) = z**3 - 19*z**2 - 62*z - 75. Calculate n(22).
13
Let a(j) = 5*j - 15. Determine a(-5).
-40
Let y(f) = -f - 23. Determine y(16).
-39
Let o(g) = 2*g**3 - g - 19. Determine o(0).
-19
Let t(s) = -61*s - 745. Determine t(-12).
-13
Let l(a) = 6*a**3 - 4*a - 3. What is l(-2)?
-43
Let m(w) = -7*w + 91. What is m(12)?
7
Let c(r) = -r**2 + 6*r + 13. What is c(7)?
6
Let k(f) = -f**2 + 2*f + 1. Give k(2).
1
Let p(f) = 177*f - 1067. Determine p(6).
-5
Let c(r) = 2*r**3 + 8*r**2 + 2*r + 12. Determine c(-5).
-48
Let w(h) = h**2 - 4*h + 3. What is w(6)?
15
Let t(k) = -4*k - 8. Calculate t(4).
-24
Let o(n) = -6*n**3 + 3*n + 2. Determine o(-1).
5
Let b(w) = w**3 - 8*w**2 + 6*w - 5. Give b(7).
-12
Let i(v) = -3*v + 17. Give i(7).
-4
Let q(k) = k + 1. Determine q(-11).
-10
Let d(z) = -z**3 + 8*z**2 + 17*z + 15. Determine d(10).
-15
Let o(b) = b + 9. What is o(10)?
19
Let n(i) = -i**3 + 25*i**2 + 57*i - 99. Determine n(27).
-18
Let b(a) = a**3 - 21*a**2 - 3*a + 51. Give b(21).
-12
Let d(i) = 15*i + 55. What is d(-4)?
-5
Let r(i) = -11*i - 22. Give r(3).
-55
Let g(c) = -3*c + 49. What is g(21)?
-14
Let z(n) = -2*n**2 - 6*n - 8. Determine z(-4).
-16
Let p(n) = -28*n**3 - n**2 + n + 2. Determine p(-1).
28
Let y(x) = 2*x - 1. Calculate y(4).
7
Let q(i) = -652*i + 3254. What is